, 3, 37
List the prime factors of 3319.
3319
List the prime factors of 15623.
17, 919
What are the prime factors of 5892?
2, 3, 491
What are the prime factors of 1294?
2, 647
List the prime factors of 685.
5, 137
List the prime factors of 890.
2, 5, 89
List the prime factors of 11996.
2, 2999
List the prime factors of 23065.
5, 7, 659
List the prime factors of 27367.
27367
List the prime factors of 5157.
3, 191
What are the prime factors of 2049?
3, 683
What are the prime factors of 7467?
3, 19, 131
List the prime factors of 6928.
2, 433
List the prime factors of 82921.
101, 821
What are the prime factors of 14449?
14449
What are the prime factors of 2275?
5, 7, 13
What are the prime factors of 843?
3, 281
List the prime factors of 120.
2, 3, 5
What are the prime factors of 5288?
2, 661
What are the prime factors of 2795?
5, 13, 43
What are the prime factors of 1729?
7, 13, 19
List the prime factors of 1387.
19, 73
List the prime factors of 8037.
3, 19, 47
What are the prime factors of 46862?
2, 23431
List the prime factors of 140211.
3, 577
List the prime factors of 5860.
2, 5, 293
List the prime factors of 24312.
2, 3, 1013
What are the prime factors of 46428?
2, 3, 53, 73
What are the prime factors of 75911?
11, 67, 103
List the prime factors of 145025.
5, 5801
List the prime factors of 17424.
2, 3, 11
List the prime factors of 468.
2, 3, 13
What are the prime factors of 6753?
3, 2251
List the prime factors of 2098.
2, 1049
List the prime factors of 21173.
31, 683
What are the prime factors of 52905?
3, 5, 3527
What are the prime factors of 9511?
9511
List the prime factors of 1425.
3, 5, 19
What are the prime factors of 13683?
3, 4561
List the prime factors of 1407.
3, 7, 67
What are the prime factors of 3964?
2, 991
List the prime factors of 18823.
7, 2689
List the prime factors of 7245.
3, 5, 7, 23
List the prime factors of 17765.
5, 11, 17, 19
List the prime factors of 36118.
2, 18059
What are the prime factors of 3171?
3, 7, 151
What are the prime factors of 1483?
1483
What are the prime factors of 2785?
5, 557
List the prime factors of 43991.
43991
List the prime factors of 689.
13, 53
List the prime factors of 5365.
5, 29, 37
What are the prime factors of 45505?
5, 19, 479
List the prime factors of 5992.
2, 7, 107
List the prime factors of 35453.
11, 293
What are the prime factors of 1400?
2, 5, 7
List the prime factors of 4380.
2, 3, 5, 73
What are the prime factors of 3078?
2, 3, 19
List the prime factors of 973.
7, 139
List the prime factors of 13696.
2, 107
List the prime factors of 2923.
37, 79
What are the prime factors of 93948?
2, 3, 7829
List the prime factors of 28911.
3, 23, 419
List the prime factors of 1226.
2, 613
List the prime factors of 90770.
2, 5, 29, 313
List the prime factors of 15685.
5, 3137
List the prime factors of 4284.
2, 3, 7, 17
What are the prime factors of 503?
503
What are the prime factors of 2230?
2, 5, 223
What are the prime factors of 5867?
5867
List the prime factors of 881.
881
List the prime factors of 14173.
14173
What are the prime factors of 609?
3, 7, 29
List the prime factors of 65970.
2, 3, 5, 733
List the prime factors of 4245.
3, 5, 283
List the prime factors of 1135.
5, 227
What are the prime factors of 171868?
2, 42967
What are the prime factors of 6295?
5, 1259
What are the prime factors of 1497?
3, 499
List the prime factors of 8204.
2, 7, 293
List the prime factors of 11974.
2, 5987
What are the prime factors of 23394?
2, 3, 7, 557
What are the prime factors of 16726?
2, 8363
List the prime factors of 1216.
2, 19
List the prime factors of 68240.
2, 5, 853
List the prime factors of 3912.
2, 3, 163
List the prime factors of 1463.
7, 11, 19
What are the prime factors of 118023?
3, 39341
What are the prime factors of 316?
2, 79
What are the prime factors of 12067?
11, 1097
What are the prime factors of 3475?
5, 139
What are the prime factors of 719?
719
List the prime factors of 96503.
11, 31, 283
What are the prime factors of 2808?
2, 3, 13
List the prime factors of 14115.
3, 5, 941
What are the prime factors of 4264?
2, 13, 41
List the prime factors of 2482.
2, 17, 73
List the prime factors of 75608.
2, 13, 727
What are the prime factors of 4404?
2, 3, 367
List the prime factors of 18920.
2, 5, 11, 43
What are the prime factors of 1107?
3, 41
What are the prime factors of 5092?
2, 19, 67
What are the prime factors of 31247?
31247
What are the prime factors of 61556?
2, 11, 1399
List the prime factors of 112098.
2, 3, 7, 17, 157
List the prime factors of 5851.
5851
List the prime factors of 14447.
14447
List the prime factors of 54164.
2, 11, 1231
What are the prime factors of 878?
2, 439
What are the prime factors of 24485?
5, 59, 83
List the prime factors of 3521.
7, 503
What are the prime factors of 5381?
5381
List the prime factors of 12267.
3, 29, 47
List the prime factors of 3036.
2, 3, 11, 23
What are the prime factors of 1942?
2, 971
List the prime factors of 49107.
3, 16369
What are the prime factors of 144091?
89, 1619
What are the prime factors of 15132?
2, 3, 13, 97
List the prime factors of 2870.
2, 5, 7, 41
What are the prime factors of 16421?
16421
What are the prime factors of 5566?
2, 11, 23
What are the prime factors of 7833?
3, 7, 373
List the prime factors of 8107.
11, 67
What are the prime factors of 1809?
3, 67
List the prime factors of 15090.
2, 3, 5, 503
What are the prime factors of 23795?
5, 4759
What are the prime factors of 2952?
2, 3, 41
List the prime factors of 5081.
5081
What are the prime factors of 733?
733
What are the prime factors of 4912?
2, 307
List the prime factors of 31614.
2, 3, 11, 479
List the prime factors of 123.
3, 41
What are the prime factors of 115079?
115079
What are the prime factors of 13918?
2, 6959
List the prime factors of 4132.
2, 1033
List the prime factors of 44191.
7, 59, 107
List the prime factors of 68074.
2, 101, 337
List the prime factors of 30941.
30941
What are the prime factors of 23887?
23887
List the prime factors of 2410.
2, 5, 241
What are the prime factors of 63566?
2, 37, 859
List the prime factors of 27724.
2, 29, 239
What are the prime factors of 10169?
10169
What are the prime factors of 77787?
3, 43, 67
List the prime factors of 13647.
3, 4549
List the prime factors of 1749.
3, 11, 53
What are the prime factors of 1597?
1597
What are the prime factors of 298?
2, 149
List the prime factors of 3509.
11, 29
What are the prime factors of 834?
2, 3, 139
List the prime factors of 17957.
17957
List the prime factors of 42336.
2, 3, 7
What are the prime factors of 508?
2, 127
What are the prime factors of 5786?
2, 11, 263
List the prime factors of 282.
2, 3, 47
What are the prime factors of 20702?
2, 11, 941
What are the prime factors of 1023?
3, 11, 31
List the prime factors of 16109.
89, 181
List the prime factors of 1053.
3, 13
List the prime factors of 1108.
2, 277
What are the prime factors of 935?
5, 11, 17
What are the prime factors of 992?
2, 31
List the prime factors of 1411.
17, 83
What are the prime factors of 76808?
2, 9601
List the prime factors of 168.
2, 3, 7
List the prime factors of 50239.
7, 7177
List the prime factors of 175.
5, 7
What are the prime factors of 22411?
73, 307
What are the prime factors of 882?
2, 3, 7
List the prime factors of 3153.
3, 1051
List the prime factors of 143957.
11, 23, 569
List the prime factors of 9592.
2, 11, 109
List the prime factors of 4244.
2, 1061
List the prime factors of 16953.
3, 5651
What are the prime factors of 70517?
151, 467
What are the prime factors of 2686?
2, 17, 79
List the prime factors of 7913.
41, 193
List the prime factors of 421.
421
What are the prime factors of 7333?
7333
What are the prime factors of 1907?
1907
What are the prime factors of 3641?
11, 331
What are the prime factors of 9133?
9133
What are the prime factors of 114079?
7, 43, 379
List the prime factors of 3545.
5, 709
What are the prime factors of 19432?
2, 7, 347
What are the prime factors of 3563?
7, 509
What are the prime factors of 53398?
2, 26699
List the prime factors of 73265.
5, 14653
What are the prime factors of 22705?
5, 19, 239
What are the prime factors of 48624?
2, 3, 1013
What are the prime factors of 6993?
3, 7, 37
What are the prime factors of 13979?
7, 1997